3*i - 2 + 0. Let l be f(-3). Suppose -w = -3*d - 1523, -3*w = -l*d + 2*d - 4541. Is w a composite number?
False
Let d(i) be the third derivative of -i**4/12 + 8*i**3/3 - 7*i**2. Let k be d(8). Suppose -m = k, -3350 - 2094 = -4*v - 4*m. Is v a composite number?
False
Let p = 1538602 - 860895. Is p prime?
False
Let b(w) = 2*w**2 - 12*w - 17. Let p be b(8). Suppose 0 = -p*j + 18944 - 6809. Is j composite?
False
Let a = -111852 + 187271. Is a composite?
True
Let u be ((-4)/(-5))/(8/60). Suppose 753 = 4*k - u*k - 5*m, 1581 = -4*k + 5*m. Let g = k - -588. Is g a prime number?
True
Suppose -409 = -5*v + 186. Is (v/(-14) + 8)*-1382 a composite number?
False
Is 255043/((-1)/((-12)/(-3) + -5)) a prime number?
True
Let u = 579 + -585. Is (1 - -1460) + u/3 a prime number?
True
Suppose 2*m = 5*g + 63688, 2*m - 3*g = 7*m - 159313. Is m prime?
True
Let n(x) = -437*x**3 - 5*x**2 + 17*x + 7. Let z(g) = 437*g**3 + 7*g**2 - 18*g - 7. Let i(a) = 4*n(a) + 3*z(a). Is i(-3) a prime number?
False
Let x = 49535 - -63306. Is x a composite number?
True
Suppose 4*o - 11*o - 8232 = 0. Let y = -323 - o. Is y a composite number?
False
Suppose 760*j - 699*j - 15051506 = 0. Is j prime?
False
Suppose 2*q - 14 = -4*f, -5*f = 5*q + 13 - 38. Is ((-391)/34)/(f - 90/44) composite?
True
Suppose 6*i + 5*i - 143 = 0. Suppose i*p - 69465 - 34444 = 0. Is p composite?
False
Let f = -14345 + 37182. Is f prime?
False
Suppose l = 4*f - 1896342, -5*f - 546805 = -5*l - 2917210. Is f prime?
False
Let m = 113360 - -68973. Is m composite?
False
Suppose -7*a - 27*a + 972689 = -1752105. Is a prime?
True
Let b(q) = -q**3 - 2*q - 8. Let u(g) = 8*g - 23. Let a be u(7). Let t be (a - 35)*10/4. Is b(t) a composite number?
False
Let q(c) = -c**2 - 2*c. Let z(i) = -i. Let g(l) = q(l) + 3*z(l). Let s be g(-5). Suppose -2*d + w + 102 = 2*w, 2*d + 5*w - 86 = s. Is d composite?
False
Let m = -23 + 185. Suppose -m = 8*b - 11*b. Let j = b + 5. Is j prime?
True
Let b = -72866 + 357845. Is b a composite number?
True
Let g(z) be the third derivative of 17*z**5 + z**3/2 - 43*z**2. Is g(2) a composite number?
True
Let m = -1697457 + 3068968. Is m composite?
False
Let b be 3 + 722 + (-7)/(14/(-4)). Suppose -3*i + 2*s = -2759, -b = -2*i - 5*s + 1087. Let g = i - 616. Is g a composite number?
True
Suppose 2*m + 8*m = 6*m. Suppose -4*x + 74 - 62 = m. Suppose 4*h - 1 = 2*f - 127, x*f + 5*h - 145 = 0. Is f a composite number?
True
Suppose 2*q - 3*l - 1427200 = 0, 23*q = 19*q + l + 2854390. Is q a prime number?
True
Suppose -5*r + 31 = -2*m + 5*m, -4*m + 33 = 5*r. Let f be (m - (2 - 43))*(45 + 10). Suppose 2*q = 3*x - 2357, -3*x + q - 3*q + f = 0. Is x a prime number?
True
Let j(z) = 12*z**2 + 41*z - 86. Is j(9) prime?
False
Suppose 34224 = -11*r + 350815. Is r a composite number?
True
Let g be 1 + 2 - (-15 + 15). Suppose -g*y - 2*y = -165. Suppose -7*r + 310 = -y. Is r a prime number?
False
Suppose -4921 = -11*i - 15*o + 12*o, i - 437 = -2*o. Let t(g) = -g**3 - 4*g**2 - 3*g + 2. Let v be t(-3). Suppose -i + 66 = -m + v*a, 0 = a + 5. Is m prime?
True
Let h(z) = -413*z**3 + 17*z**2 - 36*z + 72. Let n(t) = -206*t**3 + 8*t**2 - 18*t + 37. Let x(r) = -4*h(r) + 7*n(r). Is x(6) a prime number?
True
Let r(v) = 349*v**2 + 18*v + 14. Let d be r(-1). Let c(f) = f**3 + 3*f**2 - 2*f - 2. Let b be c(2). Let m = d - b. Is m a prime number?
True
Let f be 12*18640/(-30) - -2. Let n = f - -25851. Is n prime?
True
Let i(x) = 162*x**2 - 34*x - 597. Is i(-14) a prime number?
False
Let v be 14316/17 + 4*5/(-170). Let o = v + -435. Is o a prime number?
False
Is ((-25)/(175/11617347))/(-3) prime?
True
Is 6/8*4 + (-87528)/(-18)*33 a prime number?
False
Let n(k) = 5*k**2 + 37*k + 7. Let h(z) = 0*z**2 - z**2 + z**2 + 4*z**2 + 8 + 38*z. Let u(c) = -4*h(c) + 3*n(c). Is u(-19) composite?
True
Let n be (-204)/(-48) - (-1)/(-4). Suppose 3*k - 11 = n*r, 2*r - 5*r + 28 = 5*k. Suppose 5*t - k*f = 1710, -t + 340 = 4*f - 3*f. Is t prime?
False
Let l be (3 - (-5 - -11)) + 0 + 3494. Is l + ((-5)/(-5))/((-1)/(-2)) a prime number?
False
Suppose -10*j + 324240 = -3*j + 7497. Is j prime?
False
Let n = -8 + 12. Let p = n + 1. Suppose -p*b + 7220 = 5*f, -4*b - f - 2*f + 5773 = 0. Is b a prime number?
False
Let h = 896 + -1978. Let i = h - -2269. Is i a composite number?
False
Let x(w) = 3*w**3 + 5*w**2 + 19*w + 39. Let a be x(-5). Let y(i) = -960*i**3 - i**2 + i - 1. Let p be y(1). Let h = a - p. Is h a composite number?
True
Suppose -37*y - 62198 = -9029. Is (10/30)/(-1 - 1438/y) prime?
True
Let h be -9*2/6 - 1414. Let w = h - -2214. Is w prime?
True
Let z = -12081 - -52624. Is z a prime number?
True
Suppose 34 = -3*u + 10. Let y be 1106 - (u - (-4 + 0)). Let n = 1811 - y. Is n a composite number?
False
Suppose 110*b - 1366001 + 317151 = 0. Is b prime?
False
Let r = -19842 + 55981. Is r a composite number?
True
Suppose c + 2*b = 16, 3*c = 2*c + 2*b. Suppose -q - c = -2*q. Let x(f) = 4*f**2 - 9*f + 1. Is x(q) composite?
True
Let c = 69661 - -62356. Is c prime?
False
Is 1903982/6 - ((-238)/1309)/((-9)/66) composite?
True
Let d(n) = 3*n + 4*n - 8 - 4*n - 45*n**2 - 5*n. Let u be d(4). Is u/(-2) + -5 + 16/2 a prime number?
False
Suppose 20*r - 23*r - 42305 = -n, -n = 2*r - 42295. Is n prime?
True
Let m be (-412)/(-36)*3*-6. Let y be 2 + (m/2 - 3). Let x = 847 + y. Is x a prime number?
True
Suppose 0 = 9*v - 2*v - 63. Let l(m) = 15*m - 31. Let z be l(v). Suppose 5*n + z = 3*a - 57, 4*a = -5*n + 168. Is a a prime number?
True
Suppose -8*u + 5*u - 1251 = 0. Let c = 380 - u. Is c prime?
True
Suppose -60338 = 19*v - 3*v - 3062434. Is v prime?
True
Suppose 0 = 3*d - 2*j - 3*j - 7566031, 5*j = 20. Is d a prime number?
True
Suppose 4*z - 13 = z + 5*a, 2*a = 4*z - 22. Suppose -z*m = -m - 35. Is (-993)/2*m/(84/(-8)) a composite number?
False
Is (-670)/(-268)*97814/5 composite?
False
Let v(n) = 4446*n - 12. Let b be v(4). Suppose 12*y + 4448 = t + 9*y, 0 = -4*t + 2*y + b. Is t a prime number?
False
Is (-4)/(-3)*((-5227375)/(-100) + -16) a prime number?
True
Let b(o) = -20820*o**2 + 3*o + 3. Let d be 10/4 + (-84)/24. Let f be b(d). Is (-1)/(20832/f + (-1 - -2)) composite?
True
Let w = -18 + 33. Let y = w + -1. Suppose 0 = -y*k + 11*k + 1689. Is k a prime number?
True
Let m(a) be the second derivative of -153*a**5/20 + a**4/4 - a**3/6 + 4*a**2 + 28*a. Let c be m(-4). Suppose -5*g + 1293 = -c. Is g composite?
True
Suppose 34*n - 435143 = -127137. Is n a composite number?
False
Let f = 731978 + -502731. Is f composite?
False
Let o(w) = 8*w**2 + 1441*w - 131. Is o(106) prime?
False
Let j(h) = h**3 - 21*h**2 - 23*h + 25. Let u be j(22). Suppose -u*c + 4763 = m, 5*m = -9*c + 11*c + 23781. Is m a prime number?
False
Let o(a) = -161*a + 113*a - 11 - 761*a - 1. Is o(-1) composite?
False
Let x(b) = -22966*b + 41. Let i(h) = -45927*h + 81. Let y(d) = -6*i(d) + 11*x(d). Is y(1) composite?
False
Suppose 0 = -32*a + 43*a - 5*d - 346483, d + 125993 = 4*a. Is a a composite number?
True
Let c be (-997 - 1)/(1/8 - 0). Is ((-20)/(-8))/(4*(-2)/c) a composite number?
True
Let x(o) = -30768*o + 573. Is x(-13) a prime number?
False
Let j be (-8)/(-12) + (-20)/(-15). Suppose j*g + 4*h - 2522 = 0, 5*g + 0*h = -h + 6305. Is g prime?
False
Suppose 4*d + 118*i = 123*i + 445626, -334217 = -3*d + 5*i. Is d a composite number?
False
Let k be ((-21)/15)/7 - (-26391)/5. Suppose 3*b - 3*a - k = 1610, 0 = -4*b + a + 9169. Is b a prime number?
False
Let a = -12 + 23. Let r(z) = z**3 - 17*z**2 - 7*z - 8. Let s be r(a). Let d = -564 - s. Is d a composite number?
True
Suppose -183 = -8*m + 97. Let t(r) = 7*r**2 + 35*r - 213. Is t(m) a composite number?
False
Let u(d) = -538*d - 287. Is u(-45) prime?
False
Let s(p) = -p - 1. Let u be s(-10). Let a(r) = 2*r**3 + 9414*r - 14*r**2 - 9393*r - 12 - 8. Is a(u) a composite number?
True
Is 208/(-312) + 208330/6 a composite number?
False
Suppose -m + 7*m + 4*b = 2785498, 4*b + 464259 = m. Is m a composite number?
False
Suppose 2854 + 86 = -21*b. Let w = 2451 - b. Is w composite?
False
Is 9 - (3*1 + (-639526 - 99)) prime?
True
Let m(r) = 3987*r**2 + 8*r - 2. Let y be m(-4). Suppose 0 = 14*k - y - 7068. Is k a prime number?
True
Suppose 2*f + 62 = 2*r, r = -0*r - f + 41. Is 1 + -1 - (-2891 - r) composite?
False
Let b = -15 - -11. Let f be (-10)/b*(-328)/(-20). Suppose -f + 10